ided by -28*1/(-2)*18/21?
9
Calculate the remainder when 10/(-15) - 3/((-18)/334) is divided by 33.
22
Suppose 8*i - 205 = 3*i. Suppose -z + i = 17. What is the remainder when 107 is divided by (29 - 2)/(18/z)?
35
Let n = 604 + -428. Calculate the remainder when n is divided by 12.
8
Suppose -5*s = 4*k - 4, -k + 4 = -2*k. Suppose -v - 69 = -2*o + 4*v, -s*o = 2*v - 78. What is the remainder when o is divided by 13?
9
Let d be (-21)/(-4) + 2/(-8). Suppose -v + d = 0, -2*g + 81 = g - 3*v. What is the remainder when g is divided by 11?
10
Let t be 33 - (((-4)/4)/(-1) + -3). Suppose -3*y = 2*y - t. What is the remainder when 12 is divided by y?
5
Let b be ((-66)/8)/(5/(-20)). Suppose -5*h - 5*t + 501 = -4*t, -4 = t. Suppose b - h = -4*v. What is the remainder when 31 is divided by v?
14
Suppose -b - 7 = -3*n + 2, -5*n + 8 = -4*b. Let g be 158/n*(-3 + 5). Calculate the remainder when 24 is divided by 6/27 + g/9.
6
Let b be 0/((-3 - 0) + 0). Suppose a - 25 = -n - 3*n, -5*n + 3*a + 10 = b. Let s = 21 - n. Calculate the remainder when 29 is divided by s.
13
Let h(a) = -9*a**3 + 5*a**2 - 7*a - 26. What is the remainder when h(-3) is divided by 96?
91
Suppose -3*a - 683 = -n, 4*n - 14*a = -15*a + 2667. What is the remainder when n is divided by 84?
80
Suppose 16 = -4*o + 4*g, -2*o - 4*g + 4 = -3*g. Suppose -x + 5*a + 39 = o, 2*x - 71 + 18 = 5*a. What is the remainder when 77 is divided by x?
7
Let u = 1612 + -759. Calculate the remainder when u is divided by 66.
61
Let m(x) = -1. Let y(b) = -b**2 + 20*b + 25. Let p(h) = -6*m(h) + y(h). Calculate the remainder when 25 is divided by p(21).
5
Let s(t) = 16*t + 17. Let i(r) = -17*r - 17. Let p(q) = -5*i(q) - 4*s(q). Calculate the remainder when p(2) is divided by 12.
11
Let x(y) = 23*y - 11. Let v be x(-4). Let u = -45 - v. Suppose 3*f + 0 = -15, -3*h + 5*f = -u. Calculate the remainder when 40 is divided by h.
7
Let o(x) = x**2 + 11*x + 5. Let h be o(-4). Let q be 2 - (h - -4) - 4. Suppose 0 = 3*u - q - 13. Calculate the remainder when 39 is divided by u.
9
Let m(w) = 2*w**3 - 3*w**2 - w - 4. Suppose 5*b + h - 4 = 6, 0 = 4*b + 2*h - 2. Let l be m(b). What is the remainder when (-2)/5 - (-388)/l is divided by 7?
5
Suppose 79*d - 224 = 408. What is the remainder when 84 is divided by d?
4
What is the remainder when 48 is divided by (-8)/(6/(-3)) + 10?
6
Suppose 0 = -4*m + 84 + 16. Calculate the remainder when 141 is divided by m.
16
Suppose 6*n = n + 470. Calculate the remainder when n is divided by 8.
6
Suppose 12 = 4*f + 3*q, -q - 8 = -3*q. Suppose f = -4*t - 3*z + 113, 0 = -z + 5*z + 20. Let h = -20 + t. What is the remainder when 59 is divided by h?
11
Let g(b) = b**2 + 3*b + 3. Let j be g(-5). Suppose -z - 19 = -j. Calculate the remainder when z/(-9) + (-169)/(-3) is divided by 20.
17
Let y(i) = 277*i - 79. What is the remainder when y(2) is divided by 23?
15
Suppose 40 = 7*g + 5. Suppose 0 = 5*n - 0*c + c - 30, 3*n - g*c = 46. What is the remainder when n is divided by 3?
1
Suppose 0 = -8*m + 20 + 12. What is the remainder when m is divided by 2?
0
Let c = 33 + 5. Calculate the remainder when 113 is divided by c.
37
Let l(q) = 10*q**3 - q**2 - q + 1. Suppose -f - 4*h + 6 + 21 = 0, 2*f = h + 72. What is the remainder when f is divided by l(1)?
8
Let y(u) = u**3 + 26*u**2 - 7*u - 159. Suppose -5 = 3*g - o, 4*g - 2*o + 8 = -0. What is the remainder when y(-26) is divided by 11/(0 - g) + 1?
11
Let d(x) = 5*x**3 - 2*x**2 + 2*x. Let f = -488 - -507. Calculate the remainder when d(2) is divided by f.
17
Let c = 16 - 14. Suppose -4*j + j - 3 = 0. Calculate the remainder when (j - 1)*(5 - 7) is divided by c.
0
Calculate the remainder when 75 is divided by 7/(-1)*(-9 - -8).
5
Suppose 12 = 3*z + 2*y, z = -y + 4 + 1. Let c(g) = 20*g - 11. What is the remainder when c(z) is divided by (-8)/3*(-3)/2?
1
Suppose -4*s = -5*s, 0 = -2*a - 2*s + 122. What is the remainder when 121 is divided by a?
60
Suppose b = 3*l + 216, -3*l + 122 = 4*b + 353. Suppose -6*c + 538 = -98. Let a = l + c. What is the remainder when a is divided by 12?
9
Suppose -5*k - 45*b + 1484 = -42*b, 4*b - 1487 = -5*k. Calculate the remainder when k is divided by 78.
61
Let o(q) = -9*q + 18. What is the remainder when o(-19) is divided by 49?
42
Let o(i) be the first derivative of -3*i**2/2 - 5*i - 1. Suppose -8*f - 33 = -233. Calculate the remainder when f is divided by o(-4).
4
Let k(j) = j + 158. Calculate the remainder when k(-44) is divided by 23.
22
Let q = 75 + 76. Calculate the remainder when q is divided by 22.
19
Let x(j) = j**2 + 4*j + 2. Calculate the remainder when x(5) is divided by 21.
5
Let x = 31 - 19. Let w be 8/12 + 508/x. Suppose w = i + 7. What is the remainder when i is divided by 19?
17
Suppose -2*x = 3*o + 2*x, 2*x + 6 = 0. Suppose 0 = -t + o + 3. Let u(i) = i**2 + 16*i + 34. Calculate the remainder when u(-15) is divided by t.
5
Let l = -950 - -1069. Let f(o) = -o**3 + 14*o**2 - 11*o - 18. Calculate the remainder when l is divided by f(13).
7
Suppose -5*q - 409 = -3*m, -15*q + 10*q + 306 = 2*m. Calculate the remainder when m is divided by 18.
17
Let v(c) = 2 + 0*c**2 + 2*c**3 - c**3 + 4*c**2 - 6*c. Let w be v(-5). Suppose -4*p + w*p = 87. Calculate the remainder when p is divided by 10.
9
Let c(m) = -2*m + 24. Let p(z) = 3*z - 23. Let x(l) = 5*c(l) + 4*p(l). Suppose -5*s + 19 + 251 = 0. What is the remainder when s is divided by x(0)?
26
Let j = 100 - 32. Calculate the remainder when j is divided by 14.
12
Suppose 9*n - 18*n + 2520 = 0. Calculate the remainder when n is divided by 57.
52
What is the remainder when 31 is divided by 16 + (-54 - 1)/11?
9
Let x(u) = -60*u + 699. Calculate the remainder when 113 is divided by x(11).
35
Let o = 22 - 14. Let k = 1 + -58. Let i = -28 - k. Calculate the remainder when i is divided by o.
5
Let y be (-2)/(-3*(-6)/(-27)). Suppose -y*w = -4*q - 41, 0*q - q + 80 = 4*w. Suppose 0 = 4*g - 43 + w. What is the remainder when 23 is divided by g?
5
Suppose -5*d + 2*n = -202, 2*n + n = -2*d + 77. Suppose d + 28 = 4*m. Suppose h - t = 68, 3*h = t - 3*t + 189. Calculate the remainder when h is divided by m.
14
What is the remainder when 41718/153*(-1 + 0)*-6 is divided by 164?
160
Let m(d) = -d + 1. Suppose 4*x - 2*x + 14 = 0. Let y = x - -9. Calculate the remainder when m(-4) is divided by y.
1
Suppose 4*x - 6*g = -4*g + 16, 0 = 3*g + 6. Let s = x - -9. Suppose -b = -2*b + 34. Calculate the remainder when b is divided by s.
10
Suppose 4*k - 9 = -u, -2 = -2*k - 3*u + 5. Let h(m) = m**3 - 6*m**2 - 5*m - 2. What is the remainder when h(7) is divided by k?
0
Let u be -234*((-1)/5 + 14/20). Let b = u + 164. Calculate the remainder when 139 is divided by b.
45
Let d = 196 + 88. What is the remainder when d is divided by 19?
18
Let s(j) = -j**3 + j**2 + 7*j + 1. Let g be s(-4). Let y = g + 38. Calculate the remainder when y is divided by 12.
7
Suppose 0 = 3*z + 45 - 75. What is the remainder when 307 is divided by z?
7
Let r = -94 + 125. What is the remainder when 243 is divided by r?
26
Let n(j) = 2*j**3 - 7*j**2 - 2*j + 5. What is the remainder when 401 is divided by n(4)?
11
Suppose 0 = -4*d + 9 - 53. Let c = d + 15. Suppose -c*s + 174 = -78. Calculate the remainder when s is divided by 16.
15
Suppose -10*r + 24 = 2*r. What is the remainder when (-1 - -26) + -2 - 2 is divided by r/(-10)*3 - 378/(-30)?
9
Let p(y) = 2*y**2 - 23*y + 5. Suppose o - 4 + 6 = 3*c, 5*c = -3*o + 64. What is the remainder when 87 is divided by p(o)?
43
Let o(a) = -a - 2. Suppose -2*i - 3*p - 2 = -1, 0 = -2*i + p - 5. Let l be o(i). Let t = l + 9. What is the remainder when 33 is divided by t?
6
Let g = 36 + -28. Suppose -44 = -4*l + k + g, 3*l - 62 = -5*k. What is the remainder when l is divided by 6?
2
Let x = -14 + 19. Calculate the remainder when 1*3/(-6)*-22 - 0 is divided by x.
1
What is the remainder when (5 - 2)*(-8607)/(-171) is divided by 38?
37
Suppose -2199 + 561 = -7*y. Let s = y - 99. Calculate the remainder when s is divided by 23.
20
Let y(w) = -w**3 - 7*w**2 + 9*w + 20. What is the remainder when 27 is divided by y(-8)?
3
Let k(n) = 12*n + 5. Suppose 17*z + 10 = 22*z. Let a be k(z). Let w = 65 - a. What is the remainder when w is divided by 13?
10
Let j(g) = -66*g - 619. Calculate the remainder when 1818 is di